 Calculate the greatest common factor of y and z.
11
Suppose -2*a + a = -4. Suppose 3*j + 9 = 0, a*j = -3*d + 129 - 6. Calculate the highest common divisor of 18 and d.
9
Let t be 326/9 + (-4)/18. Suppose 2*s + 16 = 6*s. Let r be -1*(s + -2 + -6). Calculate the highest common factor of r and t.
4
Let f(n) = 2*n + 22. Let j be f(14). What is the highest common divisor of 20 and j?
10
Let s(x) = 130*x + 4. Let t(p) = 43*p + 1. Let z(y) = -2*s(y) + 7*t(y). Let c be z(1). Calculate the highest common divisor of 5 and c.
5
Suppose 5*t + 88 + 67 = 2*j, -3*t - 416 = -5*j. Suppose -5*z + 3*z - 5*w + j = 0, 3*z - 117 = 3*w. What is the highest common divisor of z and 10?
10
Let q(g) = -3*g + 3 - 2 - 3 + 2*g**2. Let f be q(7). Calculate the highest common factor of 30 and f.
15
Suppose -5*r = -5*y + 110, 3*y - 25 - 21 = -2*r. What is the highest common factor of 54 and y?
18
Suppose -589 = -5*t + 231. Suppose 4*k - 4*u - t = 0, -3*k + 129 + 26 = 5*u. Suppose 0*d - 27 = -3*d. Calculate the highest common factor of k and d.
9
Let r(k) = -13*k + 3. Let b be r(-9). Suppose 3*t - 55 = 2*f - 14, 5*f - 85 = -5*t. Calculate the highest common factor of t and b.
15
Suppose -3*n - c + 5 = 0, -4*n + 0*c + 28 = -4*c. Suppose 0 = -n*a - 3 + 27. Let l = 9 + -1. What is the greatest common divisor of l and a?
8
Suppose 5*b - 9*b + 20 = 0. What is the greatest common divisor of 1 and b?
1
Let m be (-1)/(127/(-42) - -3). What is the highest common factor of 28 and m?
14
Suppose -g + 4 = 0, 4*l - g = -2*g + 884. Let p be 202/10 - 5/25. Calculate the greatest common divisor of p and l.
20
Let x = -51 + 86. Calculate the highest common factor of x and 35.
35
Let j be 19*(-4)/(-5 - -1). What is the highest common factor of 171 and j?
19
Let q be (6/(-18))/(2/(-6)). Calculate the highest common factor of q and 1.
1
Suppose -4*h + 26 = -2. Let w(k) = 20*k + 4. Let t be w(h). Suppose -4*m + m = -t. What is the greatest common factor of 32 and m?
16
Let q be (0 - -1) + 44 + -1. Suppose -2*g = 2*c + 2*c - 60, c = -2*g + 48. What is the greatest common factor of g and q?
22
Suppose -54 = -s - 0*s. Let i be s/5*(8 + 2). Let l = -9 - -21. What is the highest common factor of l and i?
12
Let a(c) = -4*c + 8*c - 1 - c. Let z be a(2). Calculate the greatest common divisor of z and 35.
5
Let l(o) = -o. Let q(w) = w + 1. Let h(k) = -l(k) - 4*q(k). Let y be h(-8). Calculate the highest common divisor of 40 and y.
20
Let f(z) = 2*z**3 + z**2 - 3*z + 3. Let n be f(2). Suppose 5*c - 76 = -3*i, 2*i = -3*i - c + 90. What is the highest common factor of n and i?
17
Suppose 0*z + 12 = 3*z - 4*c, -4*z + 2*c + 16 = 0. Suppose -w = -4*y + 205 + 405, z*y - 3*w - 614 = 0. What is the greatest common factor of 19 and y?
19
Let u be 0 - 27*(-7 + 1). Calculate the greatest common divisor of 18 and u.
18
Suppose -a + 8 + 3 = 0. What is the highest common factor of a and 22?
11
Let w be (0 + -3)/(2 - 3). Suppose -4*i + 104 = 5*v, 2*i + 0*i + 128 = 5*v. Calculate the highest common factor of w and v.
3
Let b = -86 + 106. Calculate the greatest common divisor of b and 30.
10
Let b(s) = 2*s**2 + 4*s - 4. Let n be b(-4). Suppose 0 = 2*a - n. What is the highest common factor of a and 6?
6
Suppose -3*f = 2*f - 20. Suppose 3*t + 0*q + q = 33, -3*t + f*q = -33. Calculate the highest common divisor of 88 and t.
11
Suppose 3 = c - 1. Suppose 0 = 3*y - 13 + c. Suppose 2 = -y*s + 8. Calculate the greatest common divisor of 1 and s.
1
Let y(l) = -4*l - 22. Let s be y(-9). Calculate the greatest common divisor of s and 42.
14
Let d be (1/6 - 581/(-42)) + 0. What is the greatest common divisor of 112 and d?
14
Let q be 1*10 - (3 - 1). Suppose 3*x + q = x - 4*w, 0 = w + 5. What is the greatest common factor of x and 15?
3
Let y be 0 + 136/(1 + 1). Suppose 2*j + 28 = -3*m + 6*j, 5*j = -m - 22. Let a = 29 + m. What is the highest common divisor of y and a?
17
Let l = 50 - 26. Suppose -2*j + 4*j = -g + 15, 3*j + 2*g = l. Calculate the highest common divisor of j and 6.
6
Suppose 3*q = u - 24 - 3, -3*q = -4*u + 144. Let h be 6/(-18) - (-40)/3. Calculate the highest common divisor of h and u.
13
Suppose 0 = -w - v + 8, 23 = 4*w + 5*v - 4*v. Calculate the highest common divisor of 25 and w.
5
Suppose -2*u - 1 + 13 = 0. Suppose 0 = i - u*i + 15. Let x = i - -1. What is the highest common factor of 4 and x?
4
Let d = 103 + -5. Calculate the greatest common divisor of 14 and d.
14
Suppose -4*a = c - 5, 0*c - 20 = -2*c - 3*a. What is the greatest common factor of c and 52?
13
Let q(x) = 2*x**2 - 7*x + 16. Suppose 3*c - 2*v - 47 = -1, -2*v = -2*c + 34. Let m be q(c). What is the greatest common divisor of m and 20?
20
Let c be -3 + 11/(22/8). What is the greatest common factor of c and 23?
1
Let t(w) be the second derivative of -14*w**3/3 - w**2 + w. Let v be t(-4). Calculate the greatest common divisor of v and 10.
10
Let i be -125*(-3)/((-15)/(-5)). What is the greatest common factor of 50 and i?
25
Let n = 21 - 0. Suppose n = 3*k - 0. What is the highest common divisor of 7 and k?
7
Suppose 2*j = -5*j + 182. What is the highest common factor of j and 130?
26
Let g = 29 + -16. Calculate the highest common divisor of 39 and g.
13
Suppose 2*m - 12 = 22. Suppose i = -4*s + m, 8 = -s + 3*s. Let j(p) = 10*p. Let q be j(i). Calculate the highest common divisor of q and 10.
10
Let t = -29 + 40. What is the greatest common factor of t and 99?
11
Let m be 4/(-8)*(-1 + 1). Let b(l) = -l**2 + 1. Let s be b(m). Let y be 11 - (-1 + 1)*-1. Calculate the highest common divisor of y and s.
1
Let u = -9 + 21. Let s = -11 - -23. What is the highest common factor of s and u?
12
Let n be (2 - 5*3)*(-9 + -2). Calculate the highest common factor of n and 13.
13
Let x(w) = -w + 1. Let g be x(-6). Suppose -3*y + 54 = 5*s, 3*s - 2*y = 2*y + 44. Suppose -3*o + g*o = s. Calculate the greatest common divisor of o and 1.
1
Let g be 2/3 + (-24)/9. Let p = g - -3. What is the greatest common factor of 2 and p?
1
Suppose 68*g = 70*g - 52. Calculate the highest common factor of g and 2.
2
Let t = 99 - 66. Calculate the greatest common factor of 3 and t.
3
Let q(z) be the third derivative of -z**5/60 - 13*z**4/24 - 8*z**3/3 - 7*z**2. Let p be q(-11). What is the highest common divisor of 54 and p?
6
Let v(x) = 4*x**2 - x**3 + 10 + 6*x + 7*x**2 - 5*x**2. Let j be v(7). Let y = 12 - j. Calculate the highest common factor of y and 1.
1
Let i(m) = -2*m**3 + 28*m**2 - 25*m - 10. Let z be i(13). What is the highest common divisor of z and 15?
3
Let j = -119 + 174. What is the highest common factor of 11 and j?
11
Suppose -4 = f - 2*f + d, 5 = f - 2*d. What is the greatest common divisor of 15 and f?
3
Suppose -254 + 23 = -3*i. Calculate the highest common divisor of 11 and i.
11
Let k(d) = -d**3 + 7*d**2 - 2*d + 4. Let b be k(6). Let h be 462/b + 1/(-2). What is the greatest common factor of h and 128?
16
Let z be 15/4 - 1/(-4). Calculate the greatest common divisor of z and 32.
4
Suppose -2*j - 2 = 5*s, 16 = s - 3*s + 3*j. Let h be s - (-6 - (-4)/(-2)). What is the highest common divisor of h and 2?
2
Let u(b) = -b - 6. Suppose 0 = k + 3 + 7. Let c be u(k). What is the highest common factor of 8 and c?
4
Let k(a) = 6*a + 6. Let h be k(7). Calculate the greatest common factor of 72 and h.
24
Let y = -13 - -21. What is the highest common divisor of 2 and y?
2
Let y(a) = 4*a**2 - a - 2. Let c be y(2). Calculate the greatest common divisor of c and 4.
4
Let a = -9 + 61. What is the greatest common divisor of 13 and a?
13
Let v = -75 + 115. What is the greatest common divisor of v and 8?
8
Let o = -14 + -2. Let p be (-796)/o + (-1)/(-4). Calculate the highest common divisor of p and 20.
10
Suppose 6*x - 9 = 3*x. Let u = x + 6. Let m be (-190)/(-2) + 12/3. What is the greatest common factor of m and u?
9
Let y be (-5296)/(-48) - (-1)/(-3). Calculate the highest common divisor of y and 10.
10
Let j be -3 - (-30 + (2 - 0)). What is the greatest common factor of 10 and j?
5
Let r(g) = -g**3 + 10*g**2 - 8*g - 14. Let y be r(8). What is the highest common factor of y and 20?
10
Let q = -323 - -431. Let g(j) = -j**2 + 7*j + 2. Let l be g(5). What is the highest common divisor of l and q?
12
Let k be (20/(-8))/((-10)/24). Let z be (-380)/(-9) - (-4)/(-18). Calculate the hig